vide 1109634?
True
Does 6 divide 95122?
False
Is 64 a factor of 3032640?
True
Is 3 a factor of 2301456?
True
Is 4921721 a multiple of 366?
False
Is 533085 a multiple of 497?
False
Does 512 divide 3783860?
False
Is 43365 a multiple of 22?
False
Does 6 divide 13709862?
True
Does 97 divide 99086?
False
Does 341 divide 928543?
True
Is 1185259 a multiple of 153?
False
Is 126 a factor of 618660?
True
Does 182 divide 692993?
False
Is 67188 a multiple of 22?
True
Does 15 divide 1366965?
True
Does 13 divide 42945?
False
Does 14 divide 3486?
True
Is 84 a factor of 1594824?
True
Is 7917017 a multiple of 9?
False
Does 57 divide 8907618?
True
Is 2223932 a multiple of 235?
False
Does 11 divide 3164502?
True
Is 1610451 a multiple of 21?
False
Is 2066232 a multiple of 12?
True
Is 140 a factor of 373800?
True
Is 787 a factor of 7095592?
True
Is 73244 a multiple of 60?
False
Is 3180144 a multiple of 10?
False
Does 73 divide 2630336?
True
Is 35 a factor of 141435?
True
Is 119 a factor of 1293200?
False
Is 699 a factor of 1543392?
True
Is 48 a factor of 12584352?
True
Is 2 a factor of 5148224?
True
Is 135984 a multiple of 35?
False
Is 3676734 a multiple of 69?
True
Is 24950899 a multiple of 1312?
False
Does 11 divide 112716?
False
Does 10 divide 168460?
True
Does 255 divide 2003531?
False
Does 31 divide 1021202?
True
Is 176630 a multiple of 170?
True
Is 309 a factor of 873911?
False
Is 314336 a multiple of 176?
True
Is 5833512 a multiple of 113?
True
Is 162 a factor of 9677556?
True
Does 39 divide 114855?
True
Is 408326 a multiple of 229?
False
Is 8 a factor of 734088?
True
Does 783 divide 223812?
False
Is 11859003 a multiple of 11?
False
Is 17 a factor of 495771?
True
Is 1586941 a multiple of 175?
False
Is 2101734 a multiple of 27?
True
Does 74 divide 632626?
True
Does 6 divide 14706444?
True
Is 651369 a multiple of 217?
False
Is 13272996 a multiple of 33?
True
Is 106 a factor of 55862?
True
Does 13 divide 533976?
False
Does 26 divide 6448?
True
Is 45 a factor of 205560?
True
Does 15 divide 168300?
True
Does 148 divide 834640?
False
Is 63174 a multiple of 6?
True
Does 55 divide 42075?
True
Is 7124500 a multiple of 303?
False
Does 44 divide 53680?
True
Is 21 a factor of 1340779?
False
Does 14 divide 1079855?
False
Does 17 divide 261070?
False
Is 14 a factor of 3266299?
False
Is 734 a factor of 364798?
True
Is 77248 a multiple of 544?
True
Is 200 a factor of 5778200?
True
Does 7 divide 290493?
True
Is 11 a factor of 3961771?
True
Is 45 a factor of 67051?
False
Is 19687 a multiple of 8?
False
Does 492 divide 3788400?
True
Does 81 divide 206469?
True
Does 4 divide 103228?
True
Does 954 divide 666846?
True
Is 297821 a multiple of 173?
False
Is 20 a factor of 6198740?
True
Is 5 a factor of 152130?
True
Does 466 divide 13735?
False
Is 3005 a multiple of 6?
False
Is 332 a factor of 3812688?
True
Does 142 divide 666832?
True
Is 25 a factor of 1809025?
True
Is 12117000 a multiple of 168?
True
Does 1249 divide 3700725?
False
Is 194360 a multiple of 5?
True
Does 508 divide 1543304?
True
Does 99 divide 91813?
False
Does 6 divide 23250?
True
Is 301 a factor of 1578745?
True
Is 46 a factor of 56823?
False
Does 170 divide 850230?
False
Is 65987 a multiple of 105?
False
Does 652 divide 1276616?
True
Is 1251154 a multiple of 111?
False
Is 885330 a multiple of 405?
True
Is 6 a factor of 64908?
True
Is 2505771 a multiple of 43?
False
Is 1017 a factor of 2363508?
True
Is 251765 a multiple of 43?
True
Is 445173 a multiple of 537?
True
Is 21963342 a multiple of 14?
False
Does 1338 divide 3865711?
False
Does 80 divide 263760?
True
Is 14165008 a multiple of 164?
True
Is 2555190 a multiple of 990?
True
Does 473 divide 533544?
True
Is 61 a factor of 3290561?
False
Does 86 divide 2019538?
True
Does 19 divide 2967418?
False
Is 76325 a multiple of 79?
False
Is 157 a factor of 464563?
True
Is 2706955 a multiple of 104?
False
Is 611 a factor of 1807957?
False
Is 6 a factor of 40668?
True
Is 1052160 a multiple of 64?
True
Does 122 divide 605242?
True
Is 202032 a multiple of 138?
True
Is 499 a factor of 892711?
True
Does 3230 divide 8533660?
True
Is 6059230 a multiple of 521?
True
Is 517 a factor of 10260006?
False
Does 526 divide 243012?
True
Is 1551571 a multiple of 543?
False
Does 15 divide 136485?
True
Is 14 a factor of 263437?
False
Does 49 divide 14415?
False
Does 3 divide 175462?
False
Does 20 divide 1163600?
True
Does 3 divide 13467?
True
Is 131 a factor of 7609528?
True
Is 20 a factor of 51880?
True
Is 10 a factor of 401203?
False
Does 302 divide 32918?
True
Does 406 divide 520898?
True
Does 19 divide 638381?
True
Is 1674570 a multiple of 62?
False
Is 2832878 a multiple of 2?
True
Is 105015 a multiple of 3?
True
Is 36 a factor of 64116?
True
Is 88 a factor of 2963726?
False
Is 350 a factor of 3666298?
False
Is 15 a factor of 234375?
True
Is 684 a factor of 3271572?
True
Is 367217 a multiple of 10?
False
Does 10 divide 711060?
True
Does 100 divide 26300?
True
Is 44 a factor of 6624327?
False
Is 11483468 a multiple of 1313?
False
Is 785 a factor of 39679?
False
Is 8 a factor of 53808?
True
Is 247322 a multiple of 433?
False
Is 183 a factor of 145119?
True
Is 109 a factor of 323512?
True
Is 124 a factor of 1452412?
True
Is 224422 a multiple of 40?
False
Does 28 divide 248079?
False
Is 678 a factor of 23901534?
True
Is 246344 a multiple of 166?
True
Is 116482 a multiple of 55?
False
Is 78 a factor of 92820?
True
Does 177 divide 3853644?
True
Is 14843442 a multiple of 1348?
False
Is 8 a factor of 614642?
False
Is 20 a factor of 365560?
True
Does 1972 divide 2991524?
True
Is 3378704 a multiple of 311?
True
Does 866 divide 194850?
True
Is 7027419 a multiple of 7?
True
Does 513 divide 714437?
False
Is 22385 a multiple of 4?
False
Is 230 a factor of 1162661?
False
Does 161 divide 66292?
False
Is 13909519 a multiple of 8?
False
Does 10 divide 259633?
False
Is 11 a factor of 273527?
False
Is 614691 a multiple of 9?
True
Is 202365 a multiple of 119?
False
Is 25067911 a multiple of 187?
True
Is 8792486 a multiple of 11?
False
Does 4 divide 36237?
False
Is 14 a factor of 10169448?
False
Is 30 a factor of 365839?
False
Is 4024908 a multiple of 92?
True
Does 263 divide 14430547?
True
Is 869874 a multiple of 125?
False
Is 62532 a multiple of 27?
True
Is 7 a factor of 163279?
False
Does 10 divide 7133367?
False
Is 50 a factor of 716950?
True
Does 52 divide 2179424?
True
Is 8108043 a multiple of 9?
False
Is 491 a factor of 248039?
False
Is 180090 a multiple of 90?
True
Is 226898 a multiple of 33?
False
Is 8 a factor of 3251422?
False
Is 231 a factor of 402864?
True
Is 289460 a multiple of 82?
True
Is 529452 a multiple of 14?
True
Is 545 a factor of 10866210?
True
Is 99602 a multiple of 227?
False
Does 13 divide 2774430?
False
Is 8 a factor of 459189?
False
Is 399 a factor of 3733842?
True
Is 16240 a multiple of 29?
True
Does 79 divide 21022374?
True
Is 372 a factor of 5851327?
False
Is 340701 a multiple of 22?
False
Does 274 divide 23686416?
False
Is 1364933 a multiple of 739?
True
Is 251 a factor of 87018?
False
Does 174 divide 806698?
False
Is 56 a factor of 263274?
False
Is 1833521 a multiple of 100?
False
Is 75569 a multiple of 164?
False
Does 89 divide 1065148?
False
Is 41 a factor of 37584?
False
Does 81 divide 142317?
True
Does 13 divide 416689?
True
Is 2234638 a multiple of 5?
False
Is 1350404 a multiple of 653?
True
Is 5572721 a multiple of 77?
True
Does 91 divide 10309109?
False
Does 23 divide 591400?
False
Does 13 divide 3435119?
False
Is 165715 a multiple of 253?
True
Does 36 divide 40680?
True
Does 171 divide 564129?
True
Is 206 a factor of 455260?
True
Does 14 divide 1778798?
True
Does 4 divide 159052?
True
Does 564 divide 456355?
False
Does 729 divide 921673?
False
Is 78932 a multiple of 7?
True
Is 5 a factor of 85500?
True
Does 187 divide 63631?
False
Is 203798 a multiple of 235?
False
Is 85020 a multiple of 20?
True
Is 6 a factor of 328152?
True
Is 741048 a multiple of 21?
True
Does 21 divide 161259?
True
Does 89 divide 584107?
True
Does 456 divide 7958794?
False
Is 10868 a multiple of 7?
False
Does 9 divide 1569583?
False
Is 791 a factor of 10025925?
True
Is 9 a factor of 3426282?
True
Does 45 divide 239355?
True
Does 284 divide 61912?
True
Is 68 a factor of 38760?
True
Is 520830 a 